mon factor of 1975 and 29675?
25
Calculate the greatest common divisor of 2310 and 311234.
154
What is the highest common divisor of 5808 and 228?
12
What is the greatest common factor of 78 and 2022722?
26
What is the highest common divisor of 2623860 and 45?
45
Calculate the greatest common factor of 6327 and 2331.
333
Calculate the greatest common divisor of 102240 and 540.
180
What is the highest common divisor of 202 and 155338?
202
What is the highest common factor of 81 and 92691?
27
What is the highest common factor of 108704 and 6952?
632
What is the highest common factor of 515899 and 17?
17
Calculate the highest common factor of 44695 and 20.
5
What is the highest common divisor of 4427892 and 756?
756
What is the greatest common factor of 1082 and 910?
2
Calculate the greatest common divisor of 1726080 and 12180.
1740
Calculate the highest common factor of 2257947 and 18.
9
What is the greatest common factor of 884 and 5564?
52
Calculate the greatest common divisor of 296 and 41070.
74
Calculate the highest common factor of 20 and 11740.
20
What is the greatest common factor of 335 and 110416?
67
What is the greatest common divisor of 126 and 490966?
14
What is the greatest common factor of 4418393 and 14?
7
What is the greatest common divisor of 484 and 990869?
121
What is the greatest common divisor of 106728 and 264?
24
What is the highest common factor of 2938 and 1118?
26
What is the greatest common factor of 1656 and 2088?
72
What is the greatest common factor of 266 and 70528?
38
What is the greatest common divisor of 478 and 3870127?
239
What is the highest common divisor of 137516 and 744?
124
Calculate the greatest common factor of 1298 and 12154.
118
Calculate the highest common factor of 1856849 and 41.
41
Calculate the highest common factor of 26670 and 60.
30
What is the greatest common divisor of 287984 and 3073?
439
What is the greatest common divisor of 21 and 3085593?
21
What is the highest common factor of 104715 and 5265?
585
What is the highest common factor of 3366 and 4386?
102
Calculate the highest common factor of 4230 and 24390.
90
What is the highest common divisor of 80585 and 4615?
355
Calculate the greatest common divisor of 941175 and 600.
75
What is the highest common divisor of 1854 and 78074?
206
Calculate the greatest common factor of 695579 and 127.
127
What is the highest common factor of 322 and 118174?
322
Calculate the highest common divisor of 216 and 194904.
72
Calculate the highest common divisor of 757393 and 29.
29
What is the greatest common factor of 896 and 9156?
28
Calculate the greatest common factor of 68409 and 3069.
99
What is the highest common divisor of 3646348 and 151?
151
What is the greatest common factor of 856 and 4948?
4
What is the greatest common factor of 62 and 92938?
62
What is the highest common factor of 14873 and 46148?
139
Calculate the greatest common factor of 4572828 and 468.
468
Calculate the highest common divisor of 504 and 135576.
504
What is the highest common divisor of 4536 and 2828?
28
Calculate the greatest common factor of 3335 and 94047.
667
What is the greatest common factor of 12069 and 894?
447
Calculate the highest common divisor of 44 and 38676.
44
Calculate the greatest common factor of 200000 and 448.
64
What is the greatest common factor of 139 and 758?
1
What is the greatest common factor of 432820 and 335?
335
What is the greatest common factor of 1233853 and 1202?
601
What is the greatest common divisor of 380 and 154166?
38
Calculate the highest common divisor of 35 and 654675.
35
Calculate the highest common divisor of 15710 and 70.
10
What is the highest common factor of 117 and 136409?
13
What is the greatest common factor of 1626779 and 3256?
407
What is the greatest common divisor of 4043 and 2041?
13
Calculate the greatest common divisor of 10944 and 1224.
72
Calculate the greatest common divisor of 119 and 5803.
7
Calculate the highest common divisor of 59 and 186853.
59
What is the highest common divisor of 35631 and 34668?
963
What is the greatest common factor of 861 and 1982883?
861
What is the greatest common factor of 120912 and 48?
48
Calculate the highest common divisor of 216 and 32.
8
Calculate the greatest common divisor of 228 and 38931.
57
Calculate the highest common factor of 209580 and 2070.
30
What is the greatest common divisor of 392 and 14336?
56
What is the greatest common divisor of 1705 and 18600?
155
What is the highest common divisor of 8 and 6480?
8
Calculate the highest common divisor of 161894 and 1.
1
Calculate the greatest common divisor of 98282 and 23788.
626
Calculate the highest common divisor of 617943 and 45.
3
Calculate the highest common divisor of 25480 and 8840.
520
What is the highest common divisor of 177 and 139889?
59
What is the highest common factor of 560 and 75635?
35
Calculate the highest common divisor of 412 and 10403.
103
Calculate the highest common divisor of 43722 and 15309.
63
Calculate the highest common factor of 25639 and 1.
1
What is the greatest common factor of 893387 and 723?
241
What is the greatest common divisor of 5222 and 14?
14
Calculate the highest common factor of 270273 and 138.
69
Calculate the greatest common factor of 5376 and 1056.
96
Calculate the highest common divisor of 6264 and 11688.
24
Calculate the greatest common divisor of 6903 and 201357.
117
Calculate the greatest common divisor of 23 and 1279559.
23
Calculate the highest common divisor of 11956 and 488.
244
Calculate the greatest common divisor of 949 and 91.
13
What is the highest common divisor of 13 and 169429?
13
What is the highest common divisor of 1984 and 4096?
64
Calculate the greatest common divisor of 6873 and 8381.
29
Calculate the greatest common divisor of 138177 and 68498.
1181
Calculate the greatest common divisor of 6490 and 14750.
590
What is the highest common factor of 31378 and 1421?
29
Calculate the highest common factor of 415935 and 9480.
1185
Calculate the highest common factor of 531 and 187443.
531
Calculate the highest common divisor of 722 and 408291.
361
Calculate the highest common divisor of 1100 and 22100.
100
Calculate the highest common factor of 1791 and 6291.
9
Calculate the highest common factor of 483 and 315.
21
Calculate the highest common divisor of 24 and 84696.
24
Calculate the highest common factor of 182 and 75075.
91
Calculate the highest common divisor of 5541933 and 1986.
993
Calculate the highest common divisor of 29256 and 12.
12
What is the highest common factor of 10901 and 44?
11
What is the greatest common factor of 825 and 440?
55
Calculate the greatest common divisor of 2873934 and 756.
378
What is the highest common factor of 17472 and 120?
24
What is the highest common factor of 36 and 9192?
12
Calculate the greatest common divisor of 1077246 and 378.
54
What is the greatest common divisor of 2532 and 18779?
211
What is the highest common factor of 199791 and 2133?
711
Calculate the greatest common factor of 107400 and 48.
24
What is the highest common factor of 80 and 4010?
10
What is the greatest common divisor of 1155 and 552783?
231
What is the greatest common factor of 1432594 and 938?
134
What is the greatest common factor of 85 and 1539724?
17
What is the greatest common factor of 210 and 385?
35
What is the highest common factor of 1166 and 3233?
53
Calculate the highest common factor of 17 and 42568.
17
Calculate the highest common divisor of 345738 and 783.
87
What is the highest common divisor of 4833 and 2563101?
1611
Calculate the highest common divisor of 12111 and 7194.
33
What is the highest common divisor of 31722 and 2958?
102
Calculate the highest common factor of 1468 and 2164.
4
Calculate the greatest common divisor of 42991 and 143.
13
What is the greatest common divisor of 73 and 161914?
73
Calculate the greatest common divisor of 37727 and 496.
31
What is the highest common divisor of 1296 and 776?
8
What is the greatest common divisor of 17140 and 80?
20
Calculate the highest common factor of 9 and 82796.
1
Calculate the highest common divisor of 215390 and 21720.
1810
Calculate the highest common divisor of 4286 and 278.
2
What is the greatest common divisor of 52 and 164632?
52
What is the greatest comm